{"id":329,"date":"2014-08-27T17:37:08","date_gmt":"2014-08-27T15:37:08","guid":{"rendered":"http:\/\/www.auputeret.ch\/?page_id=329"},"modified":"2014-08-27T17:37:08","modified_gmt":"2014-08-27T15:37:08","slug":"photovoltaique","status":"publish","type":"page","link":"http:\/\/www.auputeret.ch\/?page_id=329","title":{"rendered":"Photovolta\u00efque"},"content":{"rendered":"<p>&nbsp;<\/p>\n<!-- Final Tiles Grid Gallery for WordPress v3.6.13 free --><style>#ftg-1717 .tile .icon { color:#ffffff; }#ftg-1717 .ftg-items .loading-bar i { background:#666; }#ftg-1717 .ftg-items .loading-bar { background:#fff; }#ftg-1717 .tile .icon { font-size:12px; }#ftg-1717 .tile .icon { margin: -6px 0 0 -6px; }#ftg-1717 .tile .caption-block .text-wrapper span.text { font-size:15px; }#ftg-1717 .tile .caption-outside .text-wrapper span.text { font-size:15px; }#ftg-1717 .tile .caption-block .text-wrapper span.title { font-size:14px; }#ftg-1717 .tile .caption-outside .text-wrapper span.title { font-size:14px; }#ftg-1717 .tile { background-color: transparent; }#ftg-1717 .tile .caption-block .text-wrapper span.text { color: #ffffff; }#ftg-1717 .tile .caption-block .text-wrapper span.title { color: #ffffff; }#ftg-1717 .tile .caption-outside .text-wrapper span.text { color: #ffffff; }#ftg-1717 .tile .caption-outside .text-wrapper span.title { color: #ffffff; }#ftg-1717 .tile .ftg-social a { color: #ffffff; }#ftg-1717 .tile .caption-block { transition-timing-function:ease; }#ftg-1717 .tile .caption-block { transition-duration:0.25s; }#ftg-1717 .tile .tile-inner:before { background-color: #000000; }#ftg-1717 .tile .tile-inner:before { background-color: rgba(0, 0, 0, 0.8); }#ftg-1717 .tile:hover img {-moz-transform: ;-webkit-transform: ;-o-transform: ;-ms-transform: ;transform: ;}<\/style><a name=\"17\"><\/a><div class=\"final-tiles-gallery  ftg-hover-enabled caption-inside  caption-none caption-middle caption-center\" id=\"ftg-1717\" style=\"width: 100%\"><div class='ftg-items'><div class='loading-bar'><i><\/i><\/div><div  class='tile ftg-preload  '><a title=\"pv total\" data-lightbox='ftg-1717' rel='ftg-1717'  class=' tile-inner  ftg-lightbox' href='http:\/\/www.auputeret.ch\/wp-content\/uploads\/2020\/10\/pv-total-scaled.jpg' ><img alt='pv total' class='item skip-lazy' data-class='item' data-ftg-source='http:\/\/www.auputeret.ch\/wp-content\/uploads\/2020\/10\/pv-total-scaled.jpg' src='http:\/\/www.auputeret.ch\/wp-content\/uploads\/2020\/10\/pv-total-scaled.jpg' width='2560' height='1919' \/><div class='caption-block'><div class='text-wrapper'><span class='title'>pv total<\/span><\/div><\/div><\/a><div class='ftg-social'><\/div><\/div><div  class='tile ftg-preload  '><a title=\"Onduleur\" data-lightbox='ftg-1717' rel='ftg-1717' target='default' class=' tile-inner  ftg-lightbox' href='http:\/\/www.auputeret.ch\/wp-content\/uploads\/2014\/08\/P10400641-1024x768.jpg' ><img alt='Onduleur' class='item skip-lazy' data-class='item' data-ftg-source='http:\/\/www.auputeret.ch\/wp-content\/uploads\/2014\/08\/P10400641-1024x768.jpg' src='http:\/\/www.auputeret.ch\/wp-content\/uploads\/2014\/08\/P10400641-1024x768.jpg' width='930' height='698' \/><div class='caption-block'><div class='text-wrapper'><span class='text'>Onduleur<\/span><\/div><\/div><\/a><div class='ftg-social'><\/div><\/div><div  class='tile ftg-preload  '><a title=\"Ecran d&#039;onduleur\" data-lightbox='ftg-1717' rel='ftg-1717' target='default' class=' tile-inner  ftg-lightbox' href='http:\/\/www.auputeret.ch\/wp-content\/uploads\/2014\/08\/P10400661-1024x768.jpg' ><img alt='Ecran d&#039;onduleur' class='item skip-lazy' data-class='item' data-ftg-source='http:\/\/www.auputeret.ch\/wp-content\/uploads\/2014\/08\/P10400661-1024x768.jpg' src='http:\/\/www.auputeret.ch\/wp-content\/uploads\/2014\/08\/P10400661-1024x768.jpg' width='930' height='698' \/><div class='caption-block'><div class='text-wrapper'><span class='text'>Ecran d'onduleur<\/span><\/div><\/div><\/a><div class='ftg-social'><\/div><\/div><div  class='tile ftg-preload  '><a title=\"Pose d&#039;un transformateur\" data-lightbox='ftg-1717' rel='ftg-1717' target='default' class=' tile-inner  ftg-lightbox' href='http:\/\/www.auputeret.ch\/wp-content\/uploads\/2014\/08\/P10207051.jpg' ><img alt='Pose d&#039;un transformateur' class='item skip-lazy' data-class='item' data-ftg-source='http:\/\/www.auputeret.ch\/wp-content\/uploads\/2014\/08\/P10207051.jpg' src='http:\/\/www.auputeret.ch\/wp-content\/uploads\/2014\/08\/P10207051.jpg' width='768' height='1024' \/><div class='caption-block'><div class='text-wrapper'><span class='text'>Pose d'un transformateur<\/span><\/div><\/div><\/a><div class='ftg-social'><\/div><\/div><div  class='tile ftg-preload  '><a title=\"Voiture \u00e9lectrique charg\u00e9 au courant photovolta\u00efque\" data-lightbox='ftg-1717' rel='ftg-1717' target='default' class=' tile-inner  ftg-lightbox' href='http:\/\/www.auputeret.ch\/wp-content\/uploads\/2014\/08\/P10206431.jpg' ><img alt='Voiture \u00e9lectrique charg\u00e9 au courant photovolta\u00efque' class='item skip-lazy' data-class='item' data-ftg-source='http:\/\/www.auputeret.ch\/wp-content\/uploads\/2014\/08\/P10206431.jpg' src='http:\/\/www.auputeret.ch\/wp-content\/uploads\/2014\/08\/P10206431.jpg' width='768' height='1024' \/><div class='caption-block'><div class='text-wrapper'><span class='text'>Voiture \u00e9lectrique charg\u00e9 au courant photovolta\u00efque<\/span><\/div><\/div><\/a><div class='ftg-social'><\/div><\/div><div  class='tile ftg-preload  '><a title=\"all in one e3:dc\" data-lightbox='ftg-1717' rel='ftg-1717'  class=' tile-inner  ftg-lightbox' href='http:\/\/www.auputeret.ch\/wp-content\/uploads\/2020\/10\/all-in-one-e3dc-1024x986.jpg' ><img alt='all in one e3:dc' class='item skip-lazy' data-class='item' data-ftg-source='http:\/\/www.auputeret.ch\/wp-content\/uploads\/2020\/10\/all-in-one-e3dc-1024x986.jpg' src='http:\/\/www.auputeret.ch\/wp-content\/uploads\/2020\/10\/all-in-one-e3dc-1024x986.jpg' width='930' height='895' \/><div class='caption-block'><div class='text-wrapper'><span class='title'>all in one e3:dc<\/span><\/div><\/div><\/a><div class='ftg-social'><\/div><\/div><div  class='tile ftg-preload  '><a title=\"DCIM100MEDIADJI_0041.JPG\" data-lightbox='ftg-1717' rel='ftg-1717'  class=' tile-inner  ftg-lightbox' href='http:\/\/www.auputeret.ch\/wp-content\/uploads\/2020\/10\/pv-endausbau-scaled.jpg' ><img alt='DCIM100MEDIADJI_0041.JPG' class='item skip-lazy' data-class='item' data-ftg-source='http:\/\/www.auputeret.ch\/wp-content\/uploads\/2020\/10\/pv-endausbau-scaled.jpg' src='http:\/\/www.auputeret.ch\/wp-content\/uploads\/2020\/10\/pv-endausbau-scaled.jpg' width='2560' height='1920' \/><div class='caption-block'><div class='text-wrapper'><span class='title'>DCIM100MEDIADJI_0041.JPG<\/span><\/div><\/div><\/a><div class='ftg-social'><\/div><\/div><div  class='tile ftg-preload  '><a title=\"UNADJUSTEDNONRAW_thumb_3cbc\" data-lightbox='ftg-1717' rel='ftg-1717'  class=' tile-inner  ftg-lightbox' href='http:\/\/www.auputeret.ch\/wp-content\/uploads\/2020\/11\/UNADJUSTEDNONRAW_thumb_3cbc.jpg' ><img alt='UNADJUSTEDNONRAW_thumb_3cbc' class='item skip-lazy' data-class='item' data-ftg-source='http:\/\/www.auputeret.ch\/wp-content\/uploads\/2020\/11\/UNADJUSTEDNONRAW_thumb_3cbc.jpg' src='http:\/\/www.auputeret.ch\/wp-content\/uploads\/2020\/11\/UNADJUSTEDNONRAW_thumb_3cbc.jpg' width='768' height='1024' \/><div class='caption-block'><div class='text-wrapper'><span class='title'>UNADJUSTEDNONRAW_thumb_3cbc<\/span><\/div><\/div><\/a><div class='ftg-social'><\/div><\/div><div  class='tile ftg-preload  '><a title=\"IMG_0283\" data-lightbox='ftg-1717' rel='ftg-1717'  class=' tile-inner  ftg-lightbox' href='http:\/\/www.auputeret.ch\/wp-content\/uploads\/2020\/10\/IMG_0283-719x1024.jpg' ><img alt='IMG_0283' class='item skip-lazy' data-class='item' data-ftg-source='http:\/\/www.auputeret.ch\/wp-content\/uploads\/2020\/10\/IMG_0283-719x1024.jpg' src='http:\/\/www.auputeret.ch\/wp-content\/uploads\/2020\/10\/IMG_0283-719x1024.jpg' width='719' height='1024' \/><div class='caption-block'><div class='text-wrapper'><span class='title'>IMG_0283<\/span><\/div><\/div><\/a><div class='ftg-social'><\/div><\/div><div  class='tile ftg-preload  '><a title=\"UNADJUSTEDNONRAW_thumb_39b8\" data-lightbox='ftg-1717' rel='ftg-1717'  class=' tile-inner  ftg-lightbox' href='http:\/\/www.auputeret.ch\/wp-content\/uploads\/2020\/01\/UNADJUSTEDNONRAW_thumb_39b8.jpg' ><img alt='UNADJUSTEDNONRAW_thumb_39b8' class='item skip-lazy' data-class='item' data-ftg-source='http:\/\/www.auputeret.ch\/wp-content\/uploads\/2020\/01\/UNADJUSTEDNONRAW_thumb_39b8.jpg' src='http:\/\/www.auputeret.ch\/wp-content\/uploads\/2020\/01\/UNADJUSTEDNONRAW_thumb_39b8.jpg' width='1024' height='768' \/><div class='caption-block'><div class='text-wrapper'><span class='title'>UNADJUSTEDNONRAW_thumb_39b8<\/span><\/div><\/div><\/a><div class='ftg-social'><\/div><\/div><\/div><\/div>\n","protected":false},"excerpt":{"rendered":"<p>&nbsp;<\/p>\n","protected":false},"author":1,"featured_media":0,"parent":0,"menu_order":0,"comment_status":"open","ping_status":"open","template":"","meta":{"footnotes":""},"class_list":["post-329","page","type-page","status-publish","hentry"],"_links":{"self":[{"href":"http:\/\/www.auputeret.ch\/index.php?rest_route=\/wp\/v2\/pages\/329","targetHints":{"allow":["GET"]}}],"collection":[{"href":"http:\/\/www.auputeret.ch\/index.php?rest_route=\/wp\/v2\/pages"}],"about":[{"href":"http:\/\/www.auputeret.ch\/index.php?rest_route=\/wp\/v2\/types\/page"}],"author":[{"embeddable":true,"href":"http:\/\/www.auputeret.ch\/index.php?rest_route=\/wp\/v2\/users\/1"}],"replies":[{"embeddable":true,"href":"http:\/\/www.auputeret.ch\/index.php?rest_route=%2Fwp%2Fv2%2Fcomments&post=329"}],"version-history":[{"count":1,"href":"http:\/\/www.auputeret.ch\/index.php?rest_route=\/wp\/v2\/pages\/329\/revisions"}],"predecessor-version":[{"id":330,"href":"http:\/\/www.auputeret.ch\/index.php?rest_route=\/wp\/v2\/pages\/329\/revisions\/330"}],"wp:attachment":[{"href":"http:\/\/www.auputeret.ch\/index.php?rest_route=%2Fwp%2Fv2%2Fmedia&parent=329"}],"curies":[{"name":"wp","href":"https:\/\/api.w.org\/{rel}","templated":true}]}}