{"id":368,"date":"2014-08-27T18:52:41","date_gmt":"2014-08-27T16:52:41","guid":{"rendered":"http:\/\/www.auputeret.ch\/?page_id=368"},"modified":"2020-01-28T08:03:17","modified_gmt":"2020-01-28T07:03:17","slug":"impressum","status":"publish","type":"page","link":"http:\/\/www.auputeret.ch\/?page_id=368","title":{"rendered":"Mentions l\u00e9gales"},"content":{"rendered":"<p><strong>R\u00e9daction et contenu<\/strong><\/p>\n<p>Christian Weber<\/p>\n<p><strong>R\u00e9alisation du site, Graphisme, Concept g\u00e9n\u00e9ral<\/strong><\/p>\n<p>Simon V\u00f6geli<\/p>\n<p><strong>Copyright <\/strong><\/p>\n<p>Tout le contenu est la propri\u00e9t\u00e9 de Christian Weber, Les Vieux-Pr\u00e9s.<\/p>\n<p>Le 27 ao\u00fbt 2014<\/p>\n","protected":false},"excerpt":{"rendered":"<p>R\u00e9daction et contenu Christian Weber R\u00e9alisation du site, Graphisme, Concept g\u00e9n\u00e9ral Simon V\u00f6geli Copyright Tout [&hellip;]<\/p>\n","protected":false},"author":1,"featured_media":0,"parent":0,"menu_order":0,"comment_status":"open","ping_status":"open","template":"","meta":{"footnotes":""},"class_list":["post-368","page","type-page","status-publish","hentry"],"_links":{"self":[{"href":"http:\/\/www.auputeret.ch\/index.php?rest_route=\/wp\/v2\/pages\/368","targetHints":{"allow":["GET"]}}],"collection":[{"href":"http:\/\/www.auputeret.ch\/index.php?rest_route=\/wp\/v2\/pages"}],"about":[{"href":"http:\/\/www.auputeret.ch\/index.php?rest_route=\/wp\/v2\/types\/page"}],"author":[{"embeddable":true,"href":"http:\/\/www.auputeret.ch\/index.php?rest_route=\/wp\/v2\/users\/1"}],"replies":[{"embeddable":true,"href":"http:\/\/www.auputeret.ch\/index.php?rest_route=%2Fwp%2Fv2%2Fcomments&post=368"}],"version-history":[{"count":5,"href":"http:\/\/www.auputeret.ch\/index.php?rest_route=\/wp\/v2\/pages\/368\/revisions"}],"predecessor-version":[{"id":612,"href":"http:\/\/www.auputeret.ch\/index.php?rest_route=\/wp\/v2\/pages\/368\/revisions\/612"}],"wp:attachment":[{"href":"http:\/\/www.auputeret.ch\/index.php?rest_route=%2Fwp%2Fv2%2Fmedia&parent=368"}],"curies":[{"name":"wp","href":"https:\/\/api.w.org\/{rel}","templated":true}]}}